 greatest common factor of 2117899 and 27202.
203
Calculate the highest common factor of 12810 and 6612312.
42
Calculate the greatest common factor of 71109 and 4248.
9
What is the highest common factor of 136543799 and 78344?
9793
Calculate the greatest common factor of 62510895 and 69.
69
What is the highest common factor of 16025 and 9025?
25
What is the highest common factor of 528 and 6546?
6
Calculate the highest common factor of 294343960 and 40.
40
What is the greatest common factor of 3896627 and 3091?
281
Calculate the highest common divisor of 22604 and 7696.
4
What is the greatest common divisor of 969483 and 1024161?
2103
Calculate the highest common factor of 2545 and 32255.
5
Calculate the highest common factor of 45549278 and 337840.
8446
What is the greatest common factor of 847002 and 8892?
78
Calculate the highest common divisor of 67397 and 293539.
557
What is the greatest common factor of 3015 and 59027?
67
What is the greatest common factor of 350145 and 620?
155
What is the greatest common divisor of 1888742 and 142?
142
Calculate the highest common divisor of 12858690 and 6630.
390
Calculate the greatest common divisor of 170 and 4659190.
170
What is the greatest common factor of 2626 and 217195147?
1313
What is the greatest common divisor of 7146034 and 150374?
6538
What is the greatest common factor of 1945118 and 1400?
14
What is the greatest common factor of 96348846 and 4785?
957
What is the greatest common factor of 3454018 and 602?
86
Calculate the highest common divisor of 9755 and 2442652.
1951
Calculate the highest common divisor of 32048 and 9216.
16
What is the greatest common factor of 468 and 3034844?
4
What is the greatest common factor of 486763 and 31819?
677
Calculate the greatest common factor of 792112000 and 7936.
3968
Calculate the greatest common factor of 24063606 and 252.
126
Calculate the highest common divisor of 16392552 and 6138.
2046
What is the highest common factor of 29295 and 801815?
1085
Calculate the highest common divisor of 1854 and 2932616.
206
Calculate the highest common factor of 68 and 7327636.
4
What is the highest common factor of 14549349 and 23775?
951
What is the highest common factor of 1247840 and 199430?
110
Calculate the highest common divisor of 212 and 423032.
4
What is the highest common divisor of 66645 and 8145?
45
What is the greatest common factor of 22 and 145587695?
11
What is the greatest common divisor of 269158127 and 2023?
2023
Calculate the greatest common divisor of 46398 and 20558.
38
What is the highest common factor of 90499126 and 34?
34
What is the greatest common factor of 126175679 and 14770?
1477
What is the greatest common divisor of 834598044 and 18?
18
What is the highest common factor of 46818 and 186983?
289
What is the greatest common divisor of 127405 and 1632933?
307
What is the highest common divisor of 11 and 6354029?
11
What is the highest common divisor of 4995475 and 11425?
25
What is the highest common factor of 51020 and 12820?
20
What is the highest common divisor of 23113 and 25897?
29
What is the highest common divisor of 13080394 and 7263?
269
Calculate the greatest common divisor of 461192 and 1904.
8
Calculate the highest common divisor of 15 and 646592655.
15
What is the highest common divisor of 5410253 and 2?
1
Calculate the greatest common factor of 1177392 and 13072.
304
Calculate the greatest common divisor of 2036 and 154084.
4
What is the greatest common factor of 5303421 and 257121?
2403
What is the highest common divisor of 21252 and 6394276?
644
What is the greatest common divisor of 2493696 and 5066?
34
Calculate the greatest common divisor of 189060 and 90942.
138
What is the highest common factor of 176 and 53486686?
22
Calculate the greatest common factor of 6710319 and 55209.
231
What is the greatest common factor of 226188 and 76220?
412
What is the greatest common factor of 2368611 and 2490012?
2583
What is the highest common divisor of 1845 and 1248306705?
1845
Calculate the highest common divisor of 56088 and 662454.
342
What is the greatest common divisor of 810 and 519050?
10
Calculate the highest common divisor of 745 and 11750438.
149
What is the highest common factor of 54374598 and 324?
54
What is the highest common divisor of 871 and 3669389?
67
What is the highest common divisor of 82 and 2013469?
41
What is the highest common factor of 29909847 and 29811?
1569
Calculate the greatest common factor of 4125 and 36003.
33
What is the highest common factor of 408096013 and 299?
13
What is the highest common factor of 126 and 3202986?
6
Calculate the highest common factor of 11051188 and 8414.
1202
Calculate the greatest common divisor of 1252398 and 42.
42
Calculate the greatest common divisor of 17000484 and 138924.
2724
Calculate the highest common factor of 1509 and 3899759.
503
What is the highest common divisor of 629 and 112353?
17
What is the highest common factor of 836975864 and 16?
8
Calculate the highest common factor of 101356958 and 34.
34
Calculate the greatest common factor of 34 and 1784834.
2
Calculate the greatest common factor of 49982024 and 64.
8
What is the greatest common divisor of 21332715 and 5151?
303
What is the greatest common factor of 408743166 and 6461?
923
Calculate the highest common factor of 163175 and 295675.
25
Calculate the greatest common divisor of 7385 and 440125.
35
What is the greatest common divisor of 8800 and 188448?
32
What is the highest common factor of 255196 and 176?
4
Calculate the greatest common divisor of 2511774 and 4653.
423
Calculate the highest common factor of 400 and 9315792.
16
What is the highest common factor of 583 and 1894453?
11
What is the greatest common factor of 7340084 and 564?
188
What is the highest common factor of 196 and 264764?
4
Calculate the highest common factor of 1099472209 and 1199.
1199
What is the greatest common divisor of 10108 and 89250?
14
What is the greatest common factor of 70 and 2181970?
70
Calculate the greatest common factor of 81236 and 5290.
46
Calculate the greatest common factor of 9147704 and 376.
376
What is the highest common divisor of 39830845 and 2985?
995
Calculate the greatest common factor of 8800 and 3828325.
25
Calculate the greatest common factor of 812 and 387215598.
406
Calculate the greatest common divisor of 264214750 and 125.
125
Calculate the highest common divisor of 21940 and 9700.
20
Calculate the highest common divisor of 852238 and 537118.
202
Calculate the greatest common factor of 714054099 and 73.
73
Calculate the highest common divisor of 1160 and 43697635.
145
Calculate the greatest common divisor of 150196380 and 1422.
474
Calculate the greatest common factor of 39 and 13748137.
13
What is the highest common factor of 20269308 and 24?
12
What is the greatest common factor of 6743040 and 89995?
2195
What is the greatest common divisor of 1237938 and 33394?
118
What is the highest common divisor of 2976191 and 1868?
467
Calculate the greatest common divisor of 21472632 and 496080.
3816
What is the greatest common factor of 368831 and 6775?
271
What is the greatest common divisor of 53 and 66617?
1
Calculate the highest common divisor of 542885 and 385.
35
Calculate the highest common factor of 1750406875 and 4375.
4375
What is the greatest common factor of 135321 and 1806?
129
Calculate the greatest common divisor of 50131330 and 10.
10
Calculate the highest common divisor of 2277 and 1185327.
99
What is the greatest common divisor of 1487681765 and 2570?
1285
What is the highest common factor of 4098 and 89322?
6
What is the greatest common factor of 11166600 and 1258?
74
What is the greatest common divisor of 75 and 185228385?
15
What is the greatest common factor of 4976 and 31658867?
311
Calculate the highest common divisor of 4128690 and 140.
10
What is the greatest common divisor of 747468 and 414?
18
Calculate the greatest common divisor of 1503691 and 587713.
791
What is the highest common factor of 2082 and 163212838?
694
Calculate the greatest common factor of 89136 and 99936.
144
Calculate the greatest common factor of 9291171 and 1539.
57
Calculate the greatest common divisor of 28562923 and 15673.
2239
Calculate the greatest common factor of 401627312 and 11